{"id":1065,"date":"2024-02-25T11:48:45","date_gmt":"2024-02-25T10:48:45","guid":{"rendered":"https:\/\/anja-fredriksson.at\/?page_id=1065"},"modified":"2026-03-08T16:04:38","modified_gmt":"2026-03-08T15:04:38","slug":"willkommen","status":"publish","type":"page","link":"https:\/\/anja-fredriksson.at\/","title":{"rendered":"Willkommen"},"content":{"rendered":"<div class=\"wpb-content-wrapper\"><p>[vc_row full_width=&#8220;stretch_row&#8220; css=&#8220;.vc_custom_1710657285198{padding-top: 15.1em !important;padding-bottom: 2em !important;background-image: url(https:\/\/anja-fredriksson.at\/wp-content\/uploads\/2024\/03\/Anja_ProposalII-1_6-e1710566477309.png?id=1529) !important;background-position: center !important;background-repeat: no-repeat !important;background-size: cover !important;}&#8220;][vc_column width=&#8220;2\/3&#8243;][\/vc_column][vc_column width=&#8220;1\/3&#8243; css=&#8220;.vc_custom_1710657039734{background-color: rgba(255,255,255,0.9) !important;*background-color: rgb(255,255,255) !important;border-radius: 10px !important;}&#8220;]<div class=\"sc_testimonials sc_testimonials_default\" data-slides-min-width=\"150\"\t\t>\n\t\t<div class=\"sc_testimonials_content sc_item_content\"><div class=\"sc_testimonials_item\">\n\t<div class=\"sc_testimonials_item_content\"><p>Das Ganze ist mehr als die Summe seiner Teile.<\/p>\n<\/div>\n\t<div class=\"sc_testimonials_item_author\">\n\t\t\t\t<div class=\"sc_testimonials_item_author_data\">\n\t\t\t<h4 class=\"sc_testimonials_item_author_title\">Aristoteles<\/h4>\n\t\t\t<div class=\"sc_testimonials_item_author_subtitle\"><\/div>\n\t\t<\/div>\n\t<\/div>\n<\/div>\n<\/div><\/div><!-- \/.sc_testimonials -->[\/vc_column][\/vc_row][vc_row][vc_column]<div id=\"sc_content_11482690\"\n\t\tclass=\"sc_content sc_content_default sc_float_center\"><div class=\"sc_content_container\"><div id=\"sc_title_427780701\"\n\t\tclass=\"sc_title sc_title_default\"><h3 class=\"sc_item_title sc_title_title sc_align_default sc_item_title_style_default sc_item_title_tag\">Herzlich willkommen!<\/h3><\/div><!-- \/.sc_title -->[vc_column_text css=&#8220;.vc_custom_1772982272342{padding-bottom: 128px !important;}&#8220;]Als <strong>integrative Therapeutin<\/strong>\u00a0freue ich mich, Sie hier begr\u00fc\u00dfen zu d\u00fcrfen. Wenn Sie auf der Suche nach professioneller Unterst\u00fctzung sind, sind Sie genau richtig. Ich begleite Menschen auf ihrem Weg zu mehr Wohlbefinden, Gelassenheit, innerer St\u00e4rke und pers\u00f6nlichem Wachstum.<\/p>\n<p>Meine Praxis bietet einen sicheren Raum, in dem Sie sich \u00f6ffnen k\u00f6nnen. Gemeinsam werden wir an Ihren individuellen Anliegen arbeiten und L\u00f6sungen finden. Egal, ob es um Krisen, schwere Lebenssituationen, \u00c4ngste, Beziehungsprobleme, Stress oder andere Herausforderungen geht \u2013 ich bin f\u00fcr Sie da.<\/p>\n<h4>Warum sollten Sie sich f\u00fcr meine Therapie entscheiden?<\/h4>\n<ol>\n<li><strong>Kompetenz und Fachwissen<\/strong>: Als ausgebildete Psychotherapeutin verf\u00fcge ich \u00fcber fundiertes Wissen und Kompetenzen, die wir gemeinsam nutzen k\u00f6nnen.<\/li>\n<li><strong>Empathie und Verst\u00e4ndnis<\/strong>: Ich h\u00f6re Ihnen aufmerksam zu und nehme Ihre Gef\u00fchle ernst. Gemeinsam erarbeiten wir individuelle L\u00f6sungsans\u00e4tze.<\/li>\n<li><strong>Vertraulichkeit<\/strong>: In meiner Praxis steht Diskretion an erster Stelle. Ihre Informationen sind bei mir sicher aufgehoben.<\/li>\n<\/ol>\n<h4>Integrative Therapie als Grundlage<\/h4>\n<p>Meine Therapie basiert auf der <strong>integrativen Therapie<\/strong>, die verschiedene Ans\u00e4tze zu einem rundem Ganzen verkn\u00fcpft. Dabei ber\u00fccksichtige ich sowohl kognitive, emotionale als auch k\u00f6rperliche Aspekte. Gemeinsam werden wir Ihre Ressourcen st\u00e4rken und an der Bew\u00e4ltigung Ihrer Herausforderungen arbeiten.<\/p>\n<h4><strong>Neue Patient:innen sind herzlich willkommen!<\/strong><\/h4>\n<p>Wenn Sie bereit sind, den ersten Schritt zu gehen, freue ich mich darauf, Sie kennenzulernen. Vereinbaren Sie gerne einen Termin, damit wir gemeinsam an Ihrem Wohlbefinden arbeiten k\u00f6nnen.<\/p>\n<p><strong>Ihre Psychotherapeutin,<\/strong><\/p>\n<p>Mag. Anja Fredriksson, MSc[\/vc_column_text]<\/div><\/div><!-- \/.sc_content -->[\/vc_column][\/vc_row]<\/p>\n<\/div>","protected":false},"excerpt":{"rendered":"<p>[vc_row full_width=&#8220;stretch_row&#8220; css=&#8220;.vc_custom_1710657285198{padding-top: 15.1em !important;padding-bottom: 2em !important;background-image: url(https:\/\/anja-fredriksson.at\/wp-content\/uploads\/2024\/03\/Anja_ProposalII-1_6-e1710566477309.png?id=1529) !important;background-position: center !important;background-repeat: no-repeat !important;background-size: cover !important;}&#8220;][vc_column width=&#8220;2\/3&#8243;][\/vc_column][vc_column width=&#8220;1\/3&#8243; css=&#8220;.vc_custom_1710657039734{background-color: rgba(255,255,255,0.9) !important;*background-color: rgb(255,255,255) !important;border-radius: 10px !important;}&#8220;][\/vc_column][\/vc_row][vc_row][vc_column][\/vc_column][\/vc_row]<\/p>\n","protected":false},"author":1,"featured_media":0,"parent":0,"menu_order":0,"comment_status":"closed","ping_status":"closed","template":"","meta":{"footnotes":""},"class_list":["post-1065","page","type-page","status-publish","hentry"],"_links":{"self":[{"href":"https:\/\/anja-fredriksson.at\/index.php\/wp-json\/wp\/v2\/pages\/1065","targetHints":{"allow":["GET"]}}],"collection":[{"href":"https:\/\/anja-fredriksson.at\/index.php\/wp-json\/wp\/v2\/pages"}],"about":[{"href":"https:\/\/anja-fredriksson.at\/index.php\/wp-json\/wp\/v2\/types\/page"}],"author":[{"embeddable":true,"href":"https:\/\/anja-fredriksson.at\/index.php\/wp-json\/wp\/v2\/users\/1"}],"replies":[{"embeddable":true,"href":"https:\/\/anja-fredriksson.at\/index.php\/wp-json\/wp\/v2\/comments?post=1065"}],"version-history":[{"count":55,"href":"https:\/\/anja-fredriksson.at\/index.php\/wp-json\/wp\/v2\/pages\/1065\/revisions"}],"predecessor-version":[{"id":1816,"href":"https:\/\/anja-fredriksson.at\/index.php\/wp-json\/wp\/v2\/pages\/1065\/revisions\/1816"}],"wp:attachment":[{"href":"https:\/\/anja-fredriksson.at\/index.php\/wp-json\/wp\/v2\/media?parent=1065"}],"curies":[{"name":"wp","href":"https:\/\/api.w.org\/{rel}","templated":true}]}}

<div class="wpb-content-wrapper"><p>[vc_row full_width=&#8220;stretch_row&#8220; css=&#8220;.vc_custom_1710657285198{padding-top: 15.1em !important;padding-bottom: 2em !important;background-image: url(https://anja-fredriksson.at/wp-content/uploads/2024/03/Anja_ProposalII-1_6-e1710566477309.png?id=1529) !important;background-position: center !important;background-repeat: no-repeat !important;background-size: cover !important;}&#8220;][vc_column width=&#8220;2/3&#8243;][/vc_column][vc_column width=&#8220;1/3&#8243; css=&#8220;.vc_custom_1710657039734{background-color: rgba(255,255,255,0.9) !important;*background-color: rgb(255,255,255) !important;border-radius: 10px !important;}&#8220;]<div class="sc_testimonials sc_testimonials_default" data-slides-min-width="150"		>
		<div class="sc_testimonials_content sc_item_content"><div class="sc_testimonials_item">
	<div class="sc_testimonials_item_content"><p>Das Ganze ist mehr als die Summe seiner Teile.</p>
</div>
	<div class="sc_testimonials_item_author">
				<div class="sc_testimonials_item_author_data">
			<h4 class="sc_testimonials_item_author_title">Aristoteles</h4>
			<div class="sc_testimonials_item_author_subtitle"></div>
		</div>
	</div>
</div>
</div></div><!-- /.sc_testimonials -->[/vc_column][/vc_row][vc_row][vc_column]<div id="sc_content_11482690"
		class="sc_content sc_content_default sc_float_center"><div class="sc_content_container"><div id="sc_title_427780701"
		class="sc_title sc_title_default"><h3 class="sc_item_title sc_title_title sc_align_default sc_item_title_style_default sc_item_title_tag">Herzlich willkommen!</h3></div><!-- /.sc_title -->[vc_column_text css=&#8220;.vc_custom_1772982272342{padding-bottom: 128px !important;}&#8220;]Als <strong>integrative Therapeutin</strong> freue ich mich, Sie hier begrüßen zu dürfen. Wenn Sie auf der Suche nach professioneller Unterstützung sind, sind Sie genau richtig. Ich begleite Menschen auf ihrem Weg zu mehr Wohlbefinden, Gelassenheit, innerer Stärke und persönlichem Wachstum.</p>
<p>Meine Praxis bietet einen sicheren Raum, in dem Sie sich öffnen können. Gemeinsam werden wir an Ihren individuellen Anliegen arbeiten und Lösungen finden. Egal, ob es um Krisen, schwere Lebenssituationen, Ängste, Beziehungsprobleme, Stress oder andere Herausforderungen geht – ich bin für Sie da.</p>
<h4>Warum sollten Sie sich für meine Therapie entscheiden?</h4>
<ol>
<li><strong>Kompetenz und Fachwissen</strong>: Als ausgebildete Psychotherapeutin verfüge ich über fundiertes Wissen und Kompetenzen, die wir gemeinsam nutzen können.</li>
<li><strong>Empathie und Verständnis</strong>: Ich höre Ihnen aufmerksam zu und nehme Ihre Gefühle ernst. Gemeinsam erarbeiten wir individuelle Lösungsansätze.</li>
<li><strong>Vertraulichkeit</strong>: In meiner Praxis steht Diskretion an erster Stelle. Ihre Informationen sind bei mir sicher aufgehoben.</li>
</ol>
<h4>Integrative Therapie als Grundlage</h4>
<p>Meine Therapie basiert auf der <strong>integrativen Therapie</strong>, die verschiedene Ansätze zu einem rundem Ganzen verknüpft. Dabei berücksichtige ich sowohl kognitive, emotionale als auch körperliche Aspekte. Gemeinsam werden wir Ihre Ressourcen stärken und an der Bewältigung Ihrer Herausforderungen arbeiten.</p>
<h4><strong>Neue Patient:innen sind herzlich willkommen!</strong></h4>
<p>Wenn Sie bereit sind, den ersten Schritt zu gehen, freue ich mich darauf, Sie kennenzulernen. Vereinbaren Sie gerne einen Termin, damit wir gemeinsam an Ihrem Wohlbefinden arbeiten können.</p>
<p><strong>Ihre Psychotherapeutin,</strong></p>
<p>Mag. Anja Fredriksson, MSc[/vc_column_text]</div></div><!-- /.sc_content -->[/vc_column][/vc_row]</p>
</div>
