{"id":1109,"date":"2024-02-25T14:44:46","date_gmt":"2024-02-25T13:44:46","guid":{"rendered":"https:\/\/anja-fredriksson.at\/?page_id=1109"},"modified":"2024-05-19T06:33:00","modified_gmt":"2024-05-19T04:33:00","slug":"impressum","status":"publish","type":"page","link":"https:\/\/anja-fredriksson.at\/index.php\/impressum\/","title":{"rendered":"Impressum"},"content":{"rendered":"<div class=\"wpb-content-wrapper\"><p>[vc_row][vc_column][vc_column_text css=&#8220;&#8220;]<\/p>\r\n<ul class=\"wp-block-list\">\r\n<li style=\"list-style-type: none;\">\r\n<ul>\r\n<li>Mag. Anja Fredriksson, MSc<\/li>\r\n\r\n\r\n\r\n<li>Hauptstra\u00dfe 43-47\/6, 2340 M\u00f6dling<\/li>\r\n\r\n\r\n\r\n<li>Psychotherapie<\/li>\r\n\r\n\r\n\r\n<li>Kontakt\r\n<ul class=\"wp-block-list\">\r\n<li style=\"list-style-type: none;\">\r\n<ul>\r\n<li>Tel: +43 677 64 3134 64<\/li>\r\n\r\n\r\n\r\n<li>E-Mail: psychotherapie@anja-fredriksson.at<\/li>\r\n<\/ul>\r\n<\/li>\r\n<\/ul>\r\n<p><\/p>\r\n<\/li>\r\n\r\n\r\n\r\n<li>keine UID-Nummer<\/li>\r\n\r\n\r\n\r\n<li>Mitglied beim Verband der Psychotherapeuten<\/li>\r\n\r\n\r\n\r\n<li>Gewerbeordnung: www.ris.bka.gv.at<\/li>\r\n\r\n\r\n\r\n<li>Aufsichtsbeh\u00f6rde Bezirkshauptmannschaft M\u00f6dling<\/li>\r\n\r\n\r\n\r\n<li>Psychotherapeutin<\/li>\r\n\r\n\r\n\r\n<li>Titel erlangt in \u00d6sterreich<\/li>\r\n\r\n\r\n\r\n<li>Angaben zur Online-Streitbeilegung Verbraucher haben die M\u00f6glichkeit,<br \/>Beschwerden an die Online-Streitbeilegungsplattform der EU zu richten:<br \/>http:\/\/ec.europa.eu\/odr.<br \/>Sie k\u00f6nnen allf\u00e4llige Beschwerde auch an die<br \/>oben angegebene E-Mail-Adresse richten.<\/li>\r\n<\/ul>\r\n<\/li>\r\n<\/ul>\r\n\r\n<p>[\/vc_column_text][\/vc_column][\/vc_row][vc_row][vc_column]<div id=\"sc_title_606153163\"\n\t\tclass=\"sc_title sc_title_default\"><h3 class=\"sc_item_title sc_title_title sc_align_default sc_item_title_style_default\">Bildquellen<\/h3><\/div><!-- \/.sc_title -->[vc_column_text css=&#8220;&#8220;]<\/p>\r\n<ul>\r\n<li>Regenschirme: <a href=\"https:\/\/pixabay.com\/de\/photos\/regenschirm-gelb-schwarz-wei%C3%9F-1588167\/\">Regenschirm Gelb Schwarz &#8211; Kostenloses Foto auf Pixabay &#8211; Pixabay<\/a><\/li>\r\n<li>Pexels Therapeutisches Gespr\u00e4ch: <a href=\"https:\/\/www.pexels.com\/de-de\/foto\/mann-paar-menschen-buro-4101143\/\">Kostenloses Foto zum Thema: analyse, analytik, aufl\u00f6sung, balance, bart, b\u00e4rtig, b\u00e4rtiger mann, bedienung, berater, beratung, besorgt, beziehung, b\u00fcro, coaching, dachboden, diskussion, drinnen, emotion, emotional, emotionaler schmerz, emotionen, erwachsener, fenster, frieden, geduldig, geistig, geistiges problem, gesundheit, gesundheitswesen, horizontal, innenarchitektur, innere, kerl, konversation, mann, m\u00e4nnlich, menschen, paar, praxis, problem, professionell, psychiater, psychiatrie, psychische gesundheit, psychologe, psychologie, psychotherapeutika, psychotherapie, rat, reden, seele, sonnenlicht, studio, support, t shirt, therapeut, therapie, trainer, unterst\u00fctzung, wei\u00dfes t shirt (pexels.com)<\/a><\/li>\r\n<li>Couch: <a href=\"https:\/\/www.pexels.com\/de-de\/foto\/kissen-neben-buchern-2396108\/\">Kissen Neben B\u00fcchern \u00b7 Kostenloses Stock-Foto (pexels.com)<\/a><\/li>\r\n<li>Kreatives Material: <a href=\"https:\/\/www.pexels.com\/de-de\/foto\/bleistifte-im-edelstahleimer-159644\/\">Bleistifte Im Edelstahleimer \u00b7 Kostenloses Stock-Foto (pexels.com)<\/a><\/li>\r\n<li>Walkntalk: <a href=\"https:\/\/www.istockphoto.com\/de\/foto\/wandern-sie-in-den-herbstlichen-wald-gm1030324244-276051479?utm_source=pixabay&amp;utm_medium=affiliate&amp;utm_campaign=SRP_image_sponsored&amp;utm_content=https%3A%2F%2Fpixabay.com%2Fde%2Fimages%2Fsearch%2Fwaldspaziergang%2F&amp;utm_term=waldspaziergang\">Wandern Sie In Den Herbstlichen Wald Stockfoto und mehr Bilder von Herbst &#8211; Herbst, Wandern, Gehen &#8211; iStock (istockphoto.com)<\/a><\/li>\r\n<\/ul>\r\n<p>[\/vc_column_text][\/vc_column][\/vc_row]<\/p><\/div>","protected":false},"excerpt":{"rendered":"<p>[vc_row][vc_column][vc_column_text css=&#8220;&#8220;][\/vc_column_text][\/vc_column][\/vc_row][vc_row][vc_column][vc_column_text css=&#8220;&#8220;] Regenschirme: Regenschirm Gelb Schwarz &#8211; Kostenloses Foto auf Pixabay &#8211; Pixabay Pexels Therapeutisches Gespr\u00e4ch: Kostenloses Foto zum Thema: analyse, analytik, aufl\u00f6sung, balance, bart, b\u00e4rtig, b\u00e4rtiger mann, bedienung, berater, beratung, besorgt, beziehung, b\u00fcro, coaching, dachboden, diskussion, drinnen, emotion, emotional, emotionaler schmerz, emotionen, erwachsener, fenster, frieden, geduldig, geistig, geistiges problem, gesundheit, gesundheitswesen, horizontal, innenarchitektur, innere, kerl, konversation, mann, m\u00e4nnlich,&hellip;<\/p>\n","protected":false},"author":1,"featured_media":0,"parent":0,"menu_order":0,"comment_status":"closed","ping_status":"closed","template":"","meta":{"footnotes":""},"class_list":["post-1109","page","type-page","status-publish","hentry"],"_links":{"self":[{"href":"https:\/\/anja-fredriksson.at\/index.php\/wp-json\/wp\/v2\/pages\/1109","targetHints":{"allow":["GET"]}}],"collection":[{"href":"https:\/\/anja-fredriksson.at\/index.php\/wp-json\/wp\/v2\/pages"}],"about":[{"href":"https:\/\/anja-fredriksson.at\/index.php\/wp-json\/wp\/v2\/types\/page"}],"author":[{"embeddable":true,"href":"https:\/\/anja-fredriksson.at\/index.php\/wp-json\/wp\/v2\/users\/1"}],"replies":[{"embeddable":true,"href":"https:\/\/anja-fredriksson.at\/index.php\/wp-json\/wp\/v2\/comments?post=1109"}],"version-history":[{"count":8,"href":"https:\/\/anja-fredriksson.at\/index.php\/wp-json\/wp\/v2\/pages\/1109\/revisions"}],"predecessor-version":[{"id":1754,"href":"https:\/\/anja-fredriksson.at\/index.php\/wp-json\/wp\/v2\/pages\/1109\/revisions\/1754"}],"wp:attachment":[{"href":"https:\/\/anja-fredriksson.at\/index.php\/wp-json\/wp\/v2\/media?parent=1109"}],"curies":[{"name":"wp","href":"https:\/\/api.w.org\/{rel}","templated":true}]}}

<div class="wpb-content-wrapper"><p>[vc_row][vc_column][vc_column_text css=&#8220;&#8220;]</p>
<ul class="wp-block-list">
<li style="list-style-type: none;">
<ul>
<li>Mag. Anja Fredriksson, MSc</li>



<li>Hauptstraße 43-47/6, 2340 Mödling</li>



<li>Psychotherapie</li>



<li>Kontakt
<ul class="wp-block-list">
<li style="list-style-type: none;">
<ul>
<li>Tel: +43 677 64 3134 64</li>



<li>E-Mail: psychotherapie@anja-fredriksson.at</li>
</ul>
</li>
</ul>
<p></p>
</li>



<li>keine UID-Nummer</li>



<li>Mitglied beim Verband der Psychotherapeuten</li>



<li>Gewerbeordnung: www.ris.bka.gv.at</li>



<li>Aufsichtsbehörde Bezirkshauptmannschaft Mödling</li>



<li>Psychotherapeutin</li>



<li>Titel erlangt in Österreich</li>



<li>Angaben zur Online-Streitbeilegung Verbraucher haben die Möglichkeit,<br />Beschwerden an die Online-Streitbeilegungsplattform der EU zu richten:<br />http://ec.europa.eu/odr.<br />Sie können allfällige Beschwerde auch an die<br />oben angegebene E-Mail-Adresse richten.</li>
</ul>
</li>
</ul>

<p>[/vc_column_text][/vc_column][/vc_row][vc_row][vc_column]<div id="sc_title_606153163"
		class="sc_title sc_title_default"><h3 class="sc_item_title sc_title_title sc_align_default sc_item_title_style_default">Bildquellen</h3></div><!-- /.sc_title -->[vc_column_text css=&#8220;&#8220;]</p>
<ul>
<li>Regenschirme: <a href="https://pixabay.com/de/photos/regenschirm-gelb-schwarz-wei%C3%9F-1588167/">Regenschirm Gelb Schwarz &#8211; Kostenloses Foto auf Pixabay &#8211; Pixabay</a></li>
<li>Pexels Therapeutisches Gespräch: <a href="https://www.pexels.com/de-de/foto/mann-paar-menschen-buro-4101143/">Kostenloses Foto zum Thema: analyse, analytik, auflösung, balance, bart, bärtig, bärtiger mann, bedienung, berater, beratung, besorgt, beziehung, büro, coaching, dachboden, diskussion, drinnen, emotion, emotional, emotionaler schmerz, emotionen, erwachsener, fenster, frieden, geduldig, geistig, geistiges problem, gesundheit, gesundheitswesen, horizontal, innenarchitektur, innere, kerl, konversation, mann, männlich, menschen, paar, praxis, problem, professionell, psychiater, psychiatrie, psychische gesundheit, psychologe, psychologie, psychotherapeutika, psychotherapie, rat, reden, seele, sonnenlicht, studio, support, t shirt, therapeut, therapie, trainer, unterstützung, weißes t shirt (pexels.com)</a></li>
<li>Couch: <a href="https://www.pexels.com/de-de/foto/kissen-neben-buchern-2396108/">Kissen Neben Büchern · Kostenloses Stock-Foto (pexels.com)</a></li>
<li>Kreatives Material: <a href="https://www.pexels.com/de-de/foto/bleistifte-im-edelstahleimer-159644/">Bleistifte Im Edelstahleimer · Kostenloses Stock-Foto (pexels.com)</a></li>
<li>Walkntalk: <a href="https://www.istockphoto.com/de/foto/wandern-sie-in-den-herbstlichen-wald-gm1030324244-276051479?utm_source=pixabay&amp;utm_medium=affiliate&amp;utm_campaign=SRP_image_sponsored&amp;utm_content=https%3A%2F%2Fpixabay.com%2Fde%2Fimages%2Fsearch%2Fwaldspaziergang%2F&amp;utm_term=waldspaziergang">Wandern Sie In Den Herbstlichen Wald Stockfoto und mehr Bilder von Herbst &#8211; Herbst, Wandern, Gehen &#8211; iStock (istockphoto.com)</a></li>
</ul>
<p>[/vc_column_text][/vc_column][/vc_row]</p></div>

<p>[vc_row][vc_column][vc_column_text css=&#8220;&#8220;][/vc_column_text][/vc_column][/vc_row][vc_row][vc_column][vc_column_text css=&#8220;&#8220;] Regenschirme: Regenschirm Gelb Schwarz &#8211; Kostenloses Foto auf Pixabay &#8211; Pixabay Pexels Therapeutisches Gespräch: Kostenloses Foto zum Thema: analyse, analytik, auflösung, balance, bart, bärtig, bärtiger mann, bedienung, berater, beratung, besorgt, beziehung, büro, coaching, dachboden, diskussion, drinnen, emotion, emotional, emotionaler schmerz, emotionen, erwachsener, fenster, frieden, geduldig, geistig, geistiges problem, gesundheit, gesundheitswesen, horizontal, innenarchitektur, innere, kerl, konversation, mann, männlich,&hellip;</p>
