{"id":183,"date":"2016-12-08T13:30:11","date_gmt":"2016-12-08T13:30:11","guid":{"rendered":"https:\/\/anja-fredriksson.at\/?page_id=183"},"modified":"2026-03-08T16:11:24","modified_gmt":"2026-03-08T15:11:24","slug":"ueber-mich","status":"publish","type":"page","link":"https:\/\/anja-fredriksson.at\/index.php\/ueber-mich\/","title":{"rendered":"\u00dcber mich"},"content":{"rendered":"<div class=\"wpb-content-wrapper\"><p>[vc_row full_width=&#8220;stretch_row&#8220; css=&#8220;.vc_custom_1710087629500{margin-top: 32px !important;padding-bottom: 10.55em !important;}&#8220;][vc_column width=&#8220;1\/2&#8243;][vc_single_image image=&#8220;1340&#8243; img_size=&#8220;179&#215;270&#8243; alignment=&#8220;center&#8220; css=&#8220;.vc_custom_1710657997742{margin-top: 20% !important;padding-top: 32px !important;padding-right: 32px !important;padding-bottom: 32px !important;padding-left: 32px !important;background-color: #e6d2bf !important;border-radius: 10px !important;}&#8220;][\/vc_column][vc_column width=&#8220;1\/2&#8243;][vc_column_text css=&#8220;&#8220;]Seit ich mich erinnern kann, habe ich mich f\u00fcr Menschen, deren Geschichten und Beziehungen interessiert. Meine Umgebung hat auf meine Vorliebe reagiert und viele Leute sind mit Ihren Problemen und Sorgen auf mich zugekommen. Das Feedback meiner Freund:innen und Bekannten hat mir vor einigen Jahren den letzten n\u00f6tigen Ansto\u00df gegeben, mich als Psychotherapeutin ausbilden zu lassen. Seit 5 Jahren darf ich jetzt auch professionell, im Rahmen meiner Ausbildung, Menschen auf Ihren individuellen Wegen begleiten.<\/p>\n<p>Mein Name ist Anja Fredriksson und ich wurde 1983 in M\u00f6dling geboren. Nach der Volksschule, Gymnasium und Matura habe ich ein Jahr in S\u00fcdamerika in mehreren sozialen Vereinen gearbeitet. Das Leid und Elend zu sehen, hat mich dazu veranlasst ein politisches Studium (Internationale Entwicklung) und ein Studium in Umweltwissenschaft abzuschlie\u00dfen. Mein Fokus hierbei lag immer darauf, die Welt ein St\u00fcck zu ver\u00e4ndern, die Welt ein wenig gerechter gestalten zu k\u00f6nnen. Im Jahr 2004 habe ich mit dem Klettern begonnen und die Ausbildung zur Kletter\u00fcbungsleiterin absolviert. Der Wunsch Psychotherapeutin zu werden, war in mir schon sehr lange pr\u00e4sent. Durch die Geburten und die intensiven Jahre mit meinen S\u00f6hnen hat sich mein Wunsch ein wenig gedulden m\u00fcssen. 2019 war es dann soweit und ich habe mit dem Prop\u00e4deutikum begonnen. Von 2022-2026 war ich in der fachspezifischen Ausbildung zur Psychotherapeutin und entdecke in meiner praktischen Arbeit jeden Tag, wieviel Freude es mir bereitet mit Menschen sehr nahe an Ihren Themen, Geschichten, Zielen und Ver\u00e4nderungen zu arbeiten[\/vc_column_text][\/vc_column][\/vc_row][vc_row full_width=&#8220;stretch_row&#8220; css=&#8220;.vc_custom_1716093070837{padding-top: 8.7em !important;padding-bottom: 8.4em !important;background-image: url(https:\/\/anja-fredriksson.at\/wp-content\/uploads\/2024\/05\/haende_mit_kugeln.jpg?id=1755) !important;background-position: center !important;background-repeat: no-repeat !important;background-size: cover !important;}&#8220;][vc_column width=&#8220;1\/2&#8243;][\/vc_column][vc_column width=&#8220;1\/2&#8243; css=&#8220;.vc_custom_1709751864640{background-color: rgba(255,255,255,0.9) !important;*background-color: rgb(255,255,255) !important;border-radius: 10px !important;}&#8220;]<div class=\"sc_testimonials sc_testimonials_default swiper-slider-container slider_swiper slider_noresize slider_nocontrols slider_pagination\" data-slides-min-width=\"150\"\t\t>\n\t\t<div class=\"sc_testimonials_slider sc_item_slider slides swiper-wrapper\"><div class=\"swiper-slide\"><div class=\"sc_testimonials_item\">\n\t<div class=\"sc_testimonials_item_content\"><p>Die einzig normalen Leute sind die, die man nicht gut kennt. Wir sollten unsere Vorstellung von Normalit\u00e4t \u00fcberdenken, da sie oft auf unrealistische \u00dcberzeugungen baut.<\/p>\n<\/div>\n\t<div class=\"sc_testimonials_item_author\">\n\t\t\t\t<div class=\"sc_testimonials_item_author_data\">\n\t\t\t<h4 class=\"sc_testimonials_item_author_title\">Carl Rogers<\/h4>\n\t\t\t<div class=\"sc_testimonials_item_author_subtitle\"><\/div>\n\t\t<\/div>\n\t<\/div>\n<\/div>\n<\/div><div class=\"swiper-slide\"><div class=\"sc_testimonials_item\">\n\t<div class=\"sc_testimonials_item_content\"><p>Was man nicht annimmt kann man nicht \u00e4ndern. Akzeptanz ist der erste Schritt der Ver\u00e4nderung.<\/p>\n<\/div>\n\t<div class=\"sc_testimonials_item_author\">\n\t\t\t\t<div class=\"sc_testimonials_item_author_data\">\n\t\t\t<h4 class=\"sc_testimonials_item_author_title\">Carl G. Jung<\/h4>\n\t\t\t<div class=\"sc_testimonials_item_author_subtitle\"><\/div>\n\t\t<\/div>\n\t<\/div>\n<\/div>\n<\/div><\/div><div class=\"slider_pagination_wrap swiper-pagination\"><\/div><\/div><!-- \/.sc_testimonials -->[\/vc_column][\/vc_row]<\/p>\n<\/div>","protected":false},"excerpt":{"rendered":"<p>[vc_row full_width=&#8220;stretch_row&#8220; css=&#8220;.vc_custom_1710087629500{margin-top: 32px !important;padding-bottom: 10.55em !important;}&#8220;][vc_column width=&#8220;1\/2&#8243;][vc_single_image image=&#8220;1340&#8243; img_size=&#8220;179&#215;270&#8243; alignment=&#8220;center&#8220; css=&#8220;.vc_custom_1710657997742{margin-top: 20% !important;padding-top: 32px !important;padding-right: 32px !important;padding-bottom: 32px !important;padding-left: 32px !important;background-color: #e6d2bf !important;border-radius: 10px !important;}&#8220;][\/vc_column][vc_column width=&#8220;1\/2&#8243;][vc_column_text css=&#8220;&#8220;]Seit ich mich erinnern kann, habe ich mich f\u00fcr Menschen, deren Geschichten und Beziehungen interessiert. Meine Umgebung hat auf meine Vorliebe reagiert und viele Leute sind mit Ihren Problemen und Sorgen auf mich&hellip;<\/p>\n","protected":false},"author":1,"featured_media":0,"parent":0,"menu_order":0,"comment_status":"closed","ping_status":"closed","template":"","meta":{"footnotes":""},"class_list":["post-183","page","type-page","status-publish","hentry"],"_links":{"self":[{"href":"https:\/\/anja-fredriksson.at\/index.php\/wp-json\/wp\/v2\/pages\/183","targetHints":{"allow":["GET"]}}],"collection":[{"href":"https:\/\/anja-fredriksson.at\/index.php\/wp-json\/wp\/v2\/pages"}],"about":[{"href":"https:\/\/anja-fredriksson.at\/index.php\/wp-json\/wp\/v2\/types\/page"}],"author":[{"embeddable":true,"href":"https:\/\/anja-fredriksson.at\/index.php\/wp-json\/wp\/v2\/users\/1"}],"replies":[{"embeddable":true,"href":"https:\/\/anja-fredriksson.at\/index.php\/wp-json\/wp\/v2\/comments?post=183"}],"version-history":[{"count":56,"href":"https:\/\/anja-fredriksson.at\/index.php\/wp-json\/wp\/v2\/pages\/183\/revisions"}],"predecessor-version":[{"id":1819,"href":"https:\/\/anja-fredriksson.at\/index.php\/wp-json\/wp\/v2\/pages\/183\/revisions\/1819"}],"wp:attachment":[{"href":"https:\/\/anja-fredriksson.at\/index.php\/wp-json\/wp\/v2\/media?parent=183"}],"curies":[{"name":"wp","href":"https:\/\/api.w.org\/{rel}","templated":true}]}}

Über mich

<div class="wpb-content-wrapper"><p>[vc_row full_width=&#8220;stretch_row&#8220; css=&#8220;.vc_custom_1710087629500{margin-top: 32px !important;padding-bottom: 10.55em !important;}&#8220;][vc_column width=&#8220;1/2&#8243;][vc_single_image image=&#8220;1340&#8243; img_size=&#8220;179&#215;270&#8243; alignment=&#8220;center&#8220; css=&#8220;.vc_custom_1710657997742{margin-top: 20% !important;padding-top: 32px !important;padding-right: 32px !important;padding-bottom: 32px !important;padding-left: 32px !important;background-color: #e6d2bf !important;border-radius: 10px !important;}&#8220;][/vc_column][vc_column width=&#8220;1/2&#8243;][vc_column_text css=&#8220;&#8220;]Seit ich mich erinnern kann, habe ich mich für Menschen, deren Geschichten und Beziehungen interessiert. Meine Umgebung hat auf meine Vorliebe reagiert und viele Leute sind mit Ihren Problemen und Sorgen auf mich zugekommen. Das Feedback meiner Freund:innen und Bekannten hat mir vor einigen Jahren den letzten nötigen Anstoß gegeben, mich als Psychotherapeutin ausbilden zu lassen. Seit 5 Jahren darf ich jetzt auch professionell, im Rahmen meiner Ausbildung, Menschen auf Ihren individuellen Wegen begleiten.</p>
<p>Mein Name ist Anja Fredriksson und ich wurde 1983 in Mödling geboren. Nach der Volksschule, Gymnasium und Matura habe ich ein Jahr in Südamerika in mehreren sozialen Vereinen gearbeitet. Das Leid und Elend zu sehen, hat mich dazu veranlasst ein politisches Studium (Internationale Entwicklung) und ein Studium in Umweltwissenschaft abzuschließen. Mein Fokus hierbei lag immer darauf, die Welt ein Stück zu verändern, die Welt ein wenig gerechter gestalten zu können. Im Jahr 2004 habe ich mit dem Klettern begonnen und die Ausbildung zur Kletterübungsleiterin absolviert. Der Wunsch Psychotherapeutin zu werden, war in mir schon sehr lange präsent. Durch die Geburten und die intensiven Jahre mit meinen Söhnen hat sich mein Wunsch ein wenig gedulden müssen. 2019 war es dann soweit und ich habe mit dem Propädeutikum begonnen. Von 2022-2026 war ich in der fachspezifischen Ausbildung zur Psychotherapeutin und entdecke in meiner praktischen Arbeit jeden Tag, wieviel Freude es mir bereitet mit Menschen sehr nahe an Ihren Themen, Geschichten, Zielen und Veränderungen zu arbeiten[/vc_column_text][/vc_column][/vc_row][vc_row full_width=&#8220;stretch_row&#8220; css=&#8220;.vc_custom_1716093070837{padding-top: 8.7em !important;padding-bottom: 8.4em !important;background-image: url(https://anja-fredriksson.at/wp-content/uploads/2024/05/haende_mit_kugeln.jpg?id=1755) !important;background-position: center !important;background-repeat: no-repeat !important;background-size: cover !important;}&#8220;][vc_column width=&#8220;1/2&#8243;][/vc_column][vc_column width=&#8220;1/2&#8243; css=&#8220;.vc_custom_1709751864640{background-color: rgba(255,255,255,0.9) !important;*background-color: rgb(255,255,255) !important;border-radius: 10px !important;}&#8220;]<div class="sc_testimonials sc_testimonials_default swiper-slider-container slider_swiper slider_noresize slider_nocontrols slider_pagination" data-slides-min-width="150"		>
		<div class="sc_testimonials_slider sc_item_slider slides swiper-wrapper"><div class="swiper-slide"><div class="sc_testimonials_item">
	<div class="sc_testimonials_item_content"><p>Die einzig normalen Leute sind die, die man nicht gut kennt. Wir sollten unsere Vorstellung von Normalität überdenken, da sie oft auf unrealistische Überzeugungen baut.</p>
</div>
	<div class="sc_testimonials_item_author">
				<div class="sc_testimonials_item_author_data">
			<h4 class="sc_testimonials_item_author_title">Carl Rogers</h4>
			<div class="sc_testimonials_item_author_subtitle"></div>
		</div>
	</div>
</div>
</div><div class="swiper-slide"><div class="sc_testimonials_item">
	<div class="sc_testimonials_item_content"><p>Was man nicht annimmt kann man nicht ändern. Akzeptanz ist der erste Schritt der Veränderung.</p>
</div>
	<div class="sc_testimonials_item_author">
				<div class="sc_testimonials_item_author_data">
			<h4 class="sc_testimonials_item_author_title">Carl G. Jung</h4>
			<div class="sc_testimonials_item_author_subtitle"></div>
		</div>
	</div>
</div>
</div></div><div class="slider_pagination_wrap swiper-pagination"></div></div><!-- /.sc_testimonials -->[/vc_column][/vc_row]</p>
</div>

<p>[vc_row full_width=&#8220;stretch_row&#8220; css=&#8220;.vc_custom_1710087629500{margin-top: 32px !important;padding-bottom: 10.55em !important;}&#8220;][vc_column width=&#8220;1/2&#8243;][vc_single_image image=&#8220;1340&#8243; img_size=&#8220;179&#215;270&#8243; alignment=&#8220;center&#8220; css=&#8220;.vc_custom_1710657997742{margin-top: 20% !important;padding-top: 32px !important;padding-right: 32px !important;padding-bottom: 32px !important;padding-left: 32px !important;background-color: #e6d2bf !important;border-radius: 10px !important;}&#8220;][/vc_column][vc_column width=&#8220;1/2&#8243;][vc_column_text css=&#8220;&#8220;]Seit ich mich erinnern kann, habe ich mich für Menschen, deren Geschichten und Beziehungen interessiert. Meine Umgebung hat auf meine Vorliebe reagiert und viele Leute sind mit Ihren Problemen und Sorgen auf mich&hellip;</p>
